63).
209
Let z(o) = -2*o**3 + 11*o**2 - 958*o + 5784. What is z(6)?
0
Let d(k) = 13*k**2 - 1669*k + 23368. What is d(14)?
2550
Let h(m) = -102810*m + 616853. Determine h(6).
-7
Let n(a) = -8*a**2 - 1066*a - 11. Calculate n(0).
-11
Let l(k) = 113*k**2 + 3645*k + 1. What is l(0)?
1
Let r(d) = -d**3 + 69*d**2 - 57*d - 502. Determine r(68).
246
Let a(k) = -k**3 + 18*k**2 + 35*k + 275. What is a(23)?
-1565
Let s(u) = 1019*u**3 - 8148*u**2 - 28*u + 26. Calculate s(8).
58
Let x(w) = w**3 - 18*w**2 + 471*w - 6830. Calculate x(15).
-440
Let c(u) = u**3 + 8*u**2 - 415*u + 248. Give c(-25).
-2
Let c(p) = 159*p**2 + 1840*p - 1. Calculate c(-12).
815
Let n(u) = 837*u - 1549. Determine n(7).
4310
Let b(s) = -s**3 - 10*s**2 - 1208*s - 16066. Give b(-13).
145
Let q(m) = -2738*m + 163484. Give q(60).
-796
Let t(k) = 323*k + 127640. Calculate t(-395).
55
Let a(d) = 210*d**2 + 4401*d + 191. Determine a(-21).
380
Let n(t) = -250*t**3 + 3*t**2 - 12*t - 13. Determine n(-1).
252
Let g(s) = s**3 - 1168*s**2 - 164480*s + 19416. Determine g(1295).
-9
Let q(h) = -16*h**2 + 1148*h - 3023. What is q(69)?
13
Let l(z) = 4*z**3 - 17*z**2 - 1252*z - 26. Give l(20).
134
Let m(a) = a**2 + 212*a + 4425. Determine m(-192).
585
Let a(r) = 5596*r + 173584. Give a(-31).
108
Let q(t) = 22552*t - 720831. What is q(32)?
833
Let h(u) = -441*u**2 + 1762*u + 72. Determine h(4).
64
Let n(r) = 5*r**2 + 98*r + 176. Calculate n(-17).
-45
Let r(a) = -5*a**3 + 26*a**2 - 26*a + 106. Give r(8).
-998
Let f(h) = -128*h + 4522. Give f(48).
-1622
Let p(c) = 2986*c + 567355. Determine p(-190).
15
Let s(j) = -5*j**3 + 153*j**2 + 81*j + 67. Calculate s(31).
656
Let b(j) = -5*j**2 - 60*j - 87. Give b(-10).
13
Let s(c) = 641*c - 7111. Give s(10).
-701
Let i(w) = w**3 + 52*w**2 - 339*w - 12498. Determine i(-54).
-24
Let q(d) = 4*d**2 - 439*d + 11839. What is q(50)?
-111
Let b(n) = -36215*n - 181342. What is b(-5)?
-267
Let y(q) = -5*q**2 + 161*q + 2705. Calculate y(44).
109
Let i(d) = 16692*d + 200211. Determine i(-12).
-93
Let x(o) = 11244*o + 89959. Determine x(-8).
7
Let m(q) = 3*q**2 - 498*q + 15342. Give m(32).
2478
Let x(p) = -139*p**2 - 7931*p + 42. What is x(-57)?
498
Let k(o) = -5*o**2 + 38*o + 1602. Give k(28).
-1254
Let r(f) = -8*f**3 - 65*f**2 - 42*f - 101. What is r(-6)?
-461
Let h(q) = 6*q**2 - 1437*q - 2900. Determine h(-2).
-2
Let z(y) = -85*y + 6674. Give z(75).
299
Let n(y) = 35*y - 2026. Calculate n(-38).
-3356
Let c(b) = 204*b - 91583. Calculate c(449).
13
Let c(g) = -2147*g + 231844. Give c(108).
-32
Let h(j) = 146*j + 1518. What is h(0)?
1518
Let y(p) = -1706*p - 476127. Give y(-279).
-153
Let u(f) = -3*f**3 + 393*f**2 + 2068*f - 319544. Calculate u(130).
-4
Let w(p) = -6*p**2 + 4088*p + 10938. Give w(684).
-6
Let k(n) = -n**3 + 13*n**2 + 18140*n - 235820. Determine k(13).
0
Let r(f) = -2*f**2 + 2*f + 747. Calculate r(18).
135
Let l(w) = -2501*w - 41817. Give l(-18).
3201
Let o(f) = 2*f**2 + 525*f - 5113. Determine o(-272).
55
Let p(a) = -61*a**2 + 18553*a - 2746. What is p(304)?
-10
Let b(d) = -3*d**3 + 87*d**2 + 581*d + 742. What is b(-4)?
2
Let m(k) = 130*k**2 + 17243*k + 10952. Calculate m(-132).
-4
Let z(g) = -5*g**2 - 10*g + 908. Calculate z(-16).
-212
Let k(n) = -n**3 + 564*n**2 + 3*n + 317537. What is k(565)?
7
Let y(w) = 2*w**2 + 292733*w + 8194955. What is y(-28)?
-1
Let y(z) = -z**3 - 16*z**2 + z - 256. Determine y(-17).
16
Let u(o) = -o**2 - 137*o + 4151. Determine u(-180).
-3589
Let y(d) = -d**2 - 5666*d - 3811066. Determine y(-780).
14
Let t(c) = 247*c**2 - 1740*c + 36. Determine t(7).
-41
Let v(b) = -b**3 + 29*b**2 - 4857*b + 158502. What is v(32)?
6
Let y(w) = -21*w**2 - 43*w - 144. Give y(-4).
-308
Let n(v) = -6*v**2 - 1522*v - 92180. What is n(-100)?
20
Let v(j) = -2809*j**2 + 132021*j + 105. What is v(47)?
11
Let o(i) = 127455*i - 382372. What is o(3)?
-7
Let v(h) = -2*h**3 + 351*h**2 + 28264*h + 237. What is v(-60)?
-3
Let q(b) = 15*b**3 + 5*b**2 - 2*b - 53. What is q(0)?
-53
Let v(n) = -1691*n + 44185. Determine v(26).
219
Let i(s) = 602721*s + 1808219. Give i(-3).
56
Let q(o) = 27734*o - 221861. Determine q(8).
11
Let d(v) = -v**3 - 27*v**2 + 96*v - 69. Determine d(-30).
-249
Let i(q) = -q**3 + 203*q**2 - 7028*q + 273. Give i(44).
-1135
Let h(t) = -25868*t + 362157. Give h(14).
5
Let y(r) = 5457*r + 87317. Calculate y(-16).
5
Let h(l) = 12483*l + 48360. Calculate h(-4).
-1572
Let a(w) = -w**3 + 137*w**2 - 4223*w - 615. What is a(90)?
15
Let r(a) = -a**3 - 29*a**2 + 294*a + 26. What is r(8)?
10
Let b(z) = -845*z - 111544. Give b(-132).
-4
Let b(l) = 12*l**2 - 1458*l + 13365. Give b(10).
-15
Let u(c) = 4498*c - 895122. Calculate u(199).
-20
Let j(a) = -4*a**2 - 213*a + 5443. What is j(-73)?
-324
Let c(j) = -3*j**2 + 196*j - 317. What is c(63)?
124
Let r(x) = -223*x**2 - 14934*x + 113. Give r(-67).
-356
Let g(b) = 2*b**2 - 371*b - 17583. Determine g(-39).
-72
Let g(u) = -26*u**3 + 252*u**2 + 102*u - 225. Determine g(10).
-5
Let u(x) = 521*x**2 + 2604*x + 15. What is u(-5)?
20
Let c(i) = 85*i - 1544. What is c(13)?
-439
Let c(v) = -713*v**2 - 34229*v - 204. Give c(-48).
36
Let y(m) = 12*m**3 - m**2 - 7*m - 38. Calculate y(-3).
-350
Let m(v) = 21503*v + 95. Determine m(0).
95
Let x(f) = 12249*f + 171481. Give x(-14).
-5
Let r(c) = -c**3 + 91*c**2 - 2094*c + 1457. Give r(39).
-1117
Let i(c) = 316*c + 86252. Calculate i(-273).
-16
Let g(v) = -2*v**3 + 18*v**2 - 322*v + 4959. Determine g(12).
231
Let m(j) = -18584*j + 205910. Calculate m(11).
1486
Let r(z) = -z**3 + 125*z**2 + 2416*z - 213444. Give r(131).
86
Let v(s) = 23448*s + 12497787. What is v(-533)?
3
Let j(m) = 4014*m + 25965. What is j(-6)?
1881
Let k(h) = 191*h**3 - 13561*h**2 + 17*h - 1191. Calculate k(71).
16
Let b(x) = -5262*x - 84196. Determine b(-16).
-4
Let g(x) = -x**2 + 507*x + 31505. Give g(-56).
-23
Let s(d) = -7*d**2 + 4098*d - 8171. Give s(2).
-3
Let d(b) = 202733*b + 6081992. Determine d(-30).
2
Let s(t) = -193*t**3 - 7*t**2 + 12*t - 23. What is s(2)?
-1571
Let y(p) = 2*p**3 - 154*p**2 + 2412*p + 416. Calculate y(55).
-24
Let y(t) = -t**2 + 1016*t - 2034. What is y(0)?
-2034
Let s(b) = -93*b**2 - 70*b + 40. Give s(-2).
-192
Let y(n) = -187*n**3 - 34*n**2 + 77*n - 43. Calculate y(1).
-187
Let w(u) = -33*u**2 + 1392*u - 351. Determine w(42).
-99
Let g(f) = f**3 + 18*f**2 + 749*f + 14851. Determine g(-19).
259
Let g(m) = -1366*m - 771782. What is g(-565)?
8
Let g(m) = -m**3 + 4*m**2 - 1157*m + 12058. Calculate g(10).
-112
Let v(y) = 84477*y - 337910. Give v(4).
-2
Let y(r) = -r**2 + 107*r - 815. Calculate y(76).
1541
Let f(c) = -57*c**2 + 2693*c - 129. What is f(48)?
-2193
Let n(r) = r**3 - 59*r**2 + 2078*r - 5741. What is n(3)?
-11
Let a(i) = -2395*i - 52624. Calculate a(-22).
66
Let v(q) = q**3 + 79*q**2 - 430*q - 39629. Calculate v(-78).
-5
Let m(r) = 229*r + 2709. Determine m(-12).
-39
Let z(m) = 456*m**2 - 3643*m - 53. Determine z(8).
-13
Let b(v) = 3*v**2 - 427*v + 6786. Calculate b(18).
72
Let y(f) = 3*f**3 - 9*f**2 - 131*f - 993. Give y(-7).
-1546
Let s(a) = -3*a**3 - 14*a**2 + 40*a + 46. Give s(-6).
-50
Let b(t) = -2*t**2 + 29653*t + 59312. What is b(-2)?
-2
Let x(a) = -1922*a + 43883. What is x(20)?
5443
Let p(a) = -26481*a - 2277202. Determine p(-86).
164
Let d(u) = 7*u**3 + 790*u**2 - 105*u + 1494. Determine d(-113).
590
Let g(d) = 688*d - 1724. Give g(3).
340
Let r(n) = -n**2 + 154*n + 16253. Calculate r(-72).
-19
Let c(u) = u**3 - 22*u**2 + 38*u - 24. Calculate c(20).
-64
Let q(v) = v**2 + 1274*v + 273223. What is q(-273)?
-50
Let y(n) = n**3 + 15*n**2 + 431. Give y(-16).
175
Let w(g) = -2*g**2 + 275*g - 5775. What is w(103)?
1332
Let l(p) = 2*p**2 - 1644*p + 112208. Give l(75).
158
Let u(v) = -v**3 - 54*v**2 - 605*v + 55. Give u(-16).
7
Let l(z) = 2175*z - 23900. What is l(11)?
25
Let y(c) = c**3 - 325*c**2 + 8693*c + 123775. Give y(294).
1
Let g(s) = -13*s**2 + 1223*s - 26200. What is g(33)?
2
Let y(m) = -134248*m - 24970130. Determine y(-186).
-2
Let y(o) = o**3 + 39*o**2 + 156*o + 4648. Give y(-38).
164
Let n(v) = -406*v**2 + 1548*v + 1546. Calculate n(-1).
-408
Let j(m) = -m**3 + 10*m**2 + 353*m - 2588. Determine j(21).
-26
Let z(x) = 12011*x - 83088. What is z(7)?
989
Let z(l) = -5157533*l - 5157547. Give z(-1).
-14
Let l(m) = 4*m**2 + 130*m - 6276. Determine l(-59).
-22
Let k